{"id":1180,"date":"2020-10-29T12:54:10","date_gmt":"2020-10-29T16:54:10","guid":{"rendered":"https:\/\/gobiernoparroquiallaunion.gob.ec\/azuay\/?page_id=1180"},"modified":"2020-10-29T12:54:10","modified_gmt":"2020-10-29T16:54:10","slug":"colonias-vacacionales-2019","status":"publish","type":"page","link":"https:\/\/gobiernoparroquiallaunion.gob.ec\/azuay\/colonias-vacacionales-2019\/","title":{"rendered":"Colonias Vacacionales 2019"},"content":{"rendered":"<p>Mediante la ejecuci\u00f3n de este proyecto se impulsa a la juventud al buen aprovechamiento del tiempo libre realizando actividades deportivas y tradicionales, se tiene la participaci\u00f3n de un promedio de 120 ni\u00f1os cada d\u00eda durante 5 d\u00edas.<\/p>\n","protected":false},"excerpt":{"rendered":"<p>Mediante la ejecuci\u00f3n de este proyecto se impulsa a la juventud al buen aprovechamiento del tiempo libre realizando actividades deportivas y tradicionales, se tiene la participaci\u00f3n de un promedio de 120 ni\u00f1os cada d\u00eda durante 5 d\u00edas.<\/p>\n","protected":false},"author":7,"featured_media":0,"parent":0,"menu_order":0,"comment_status":"closed","ping_status":"closed","template":"","meta":{"footnotes":""},"class_list":["post-1180","page","type-page","status-publish","hentry"],"yoast_head":"<!-- This site is optimized with the Yoast SEO plugin v24.1 - https:\/\/yoast.com\/wordpress\/plugins\/seo\/ -->\n<title>Colonias Vacacionales 2019 - GAD parroquial La Uni\u00f3n<\/title>\n<meta name=\"robots\" content=\"index, follow, max-snippet:-1, max-image-preview:large, max-video-preview:-1\" \/>\n<link rel=\"canonical\" href=\"https:\/\/gobiernoparroquiallaunion.gob.ec\/azuay\/colonias-vacacionales-2019\/\" \/>\n<meta property=\"og:locale\" content=\"es_ES\" \/>\n<meta property=\"og:type\" content=\"article\" \/>\n<meta property=\"og:title\" content=\"Colonias Vacacionales 2019 - GAD parroquial La Uni\u00f3n\" \/>\n<meta property=\"og:description\" content=\"Mediante la ejecuci\u00f3n de este proyecto se impulsa a la juventud al buen aprovechamiento del tiempo libre realizando actividades deportivas y tradicionales, se tiene la participaci\u00f3n de un promedio de 120 ni\u00f1os cada d\u00eda durante 5 d\u00edas.\" \/>\n<meta property=\"og:url\" content=\"https:\/\/gobiernoparroquiallaunion.gob.ec\/azuay\/colonias-vacacionales-2019\/\" \/>\n<meta property=\"og:site_name\" content=\"GAD parroquial La Uni\u00f3n\" \/>\n<meta name=\"twitter:card\" content=\"summary_large_image\" \/>\n<script type=\"application\/ld+json\" class=\"yoast-schema-graph\">{\"@context\":\"https:\/\/schema.org\",\"@graph\":[{\"@type\":\"WebPage\",\"@id\":\"https:\/\/gobiernoparroquiallaunion.gob.ec\/azuay\/colonias-vacacionales-2019\/\",\"url\":\"https:\/\/gobiernoparroquiallaunion.gob.ec\/azuay\/colonias-vacacionales-2019\/\",\"name\":\"Colonias Vacacionales 2019 - GAD parroquial La Uni\u00f3n\",\"isPartOf\":{\"@id\":\"https:\/\/gobiernoparroquiallaunion.gob.ec\/azuay\/#website\"},\"datePublished\":\"2020-10-29T16:54:10+00:00\",\"dateModified\":\"2020-10-29T16:54:10+00:00\",\"breadcrumb\":{\"@id\":\"https:\/\/gobiernoparroquiallaunion.gob.ec\/azuay\/colonias-vacacionales-2019\/#breadcrumb\"},\"inLanguage\":\"es\",\"potentialAction\":[{\"@type\":\"ReadAction\",\"target\":[\"https:\/\/gobiernoparroquiallaunion.gob.ec\/azuay\/colonias-vacacionales-2019\/\"]}]},{\"@type\":\"BreadcrumbList\",\"@id\":\"https:\/\/gobiernoparroquiallaunion.gob.ec\/azuay\/colonias-vacacionales-2019\/#breadcrumb\",\"itemListElement\":[{\"@type\":\"ListItem\",\"position\":1,\"name\":\"Portada\",\"item\":\"https:\/\/gobiernoparroquiallaunion.gob.ec\/azuay\/\"},{\"@type\":\"ListItem\",\"position\":2,\"name\":\"Colonias Vacacionales 2019\"}]},{\"@type\":\"WebSite\",\"@id\":\"https:\/\/gobiernoparroquiallaunion.gob.ec\/azuay\/#website\",\"url\":\"https:\/\/gobiernoparroquiallaunion.gob.ec\/azuay\/\",\"name\":\"GAD parroquial La Uni\u00f3n\",\"description\":\"Sitio Oficial del GAD Parroquial La Uni\u00f3n Azuay\",\"publisher\":{\"@id\":\"https:\/\/gobiernoparroquiallaunion.gob.ec\/azuay\/#organization\"},\"potentialAction\":[{\"@type\":\"SearchAction\",\"target\":{\"@type\":\"EntryPoint\",\"urlTemplate\":\"https:\/\/gobiernoparroquiallaunion.gob.ec\/azuay\/?s={search_term_string}\"},\"query-input\":{\"@type\":\"PropertyValueSpecification\",\"valueRequired\":true,\"valueName\":\"search_term_string\"}}],\"inLanguage\":\"es\"},{\"@type\":\"Organization\",\"@id\":\"https:\/\/gobiernoparroquiallaunion.gob.ec\/azuay\/#organization\",\"name\":\"GAD Parroquial La Uni\u00f3n\",\"url\":\"https:\/\/gobiernoparroquiallaunion.gob.ec\/azuay\/\",\"logo\":{\"@type\":\"ImageObject\",\"inLanguage\":\"es\",\"@id\":\"https:\/\/gobiernoparroquiallaunion.gob.ec\/azuay\/#\/schema\/logo\/image\/\",\"url\":\"https:\/\/gobiernoparroquiallaunion.gob.ec\/azuay\/wp-content\/uploads\/2020\/06\/logoFooter-Recuperado.png\",\"contentUrl\":\"https:\/\/gobiernoparroquiallaunion.gob.ec\/azuay\/wp-content\/uploads\/2020\/06\/logoFooter-Recuperado.png\",\"width\":200,\"height\":150,\"caption\":\"GAD Parroquial La Uni\u00f3n\"},\"image\":{\"@id\":\"https:\/\/gobiernoparroquiallaunion.gob.ec\/azuay\/#\/schema\/logo\/image\/\"}}]}<\/script>\n<!-- \/ Yoast SEO plugin. -->","yoast_head_json":{"title":"Colonias Vacacionales 2019 - GAD parroquial La Uni\u00f3n","robots":{"index":"index","follow":"follow","max-snippet":"max-snippet:-1","max-image-preview":"max-image-preview:large","max-video-preview":"max-video-preview:-1"},"canonical":"https:\/\/gobiernoparroquiallaunion.gob.ec\/azuay\/colonias-vacacionales-2019\/","og_locale":"es_ES","og_type":"article","og_title":"Colonias Vacacionales 2019 - GAD parroquial La Uni\u00f3n","og_description":"Mediante la ejecuci\u00f3n de este proyecto se impulsa a la juventud al buen aprovechamiento del tiempo libre realizando actividades deportivas y tradicionales, se tiene la participaci\u00f3n de un promedio de 120 ni\u00f1os cada d\u00eda durante 5 d\u00edas.","og_url":"https:\/\/gobiernoparroquiallaunion.gob.ec\/azuay\/colonias-vacacionales-2019\/","og_site_name":"GAD parroquial La Uni\u00f3n","twitter_card":"summary_large_image","schema":{"@context":"https:\/\/schema.org","@graph":[{"@type":"WebPage","@id":"https:\/\/gobiernoparroquiallaunion.gob.ec\/azuay\/colonias-vacacionales-2019\/","url":"https:\/\/gobiernoparroquiallaunion.gob.ec\/azuay\/colonias-vacacionales-2019\/","name":"Colonias Vacacionales 2019 - GAD parroquial La Uni\u00f3n","isPartOf":{"@id":"https:\/\/gobiernoparroquiallaunion.gob.ec\/azuay\/#website"},"datePublished":"2020-10-29T16:54:10+00:00","dateModified":"2020-10-29T16:54:10+00:00","breadcrumb":{"@id":"https:\/\/gobiernoparroquiallaunion.gob.ec\/azuay\/colonias-vacacionales-2019\/#breadcrumb"},"inLanguage":"es","potentialAction":[{"@type":"ReadAction","target":["https:\/\/gobiernoparroquiallaunion.gob.ec\/azuay\/colonias-vacacionales-2019\/"]}]},{"@type":"BreadcrumbList","@id":"https:\/\/gobiernoparroquiallaunion.gob.ec\/azuay\/colonias-vacacionales-2019\/#breadcrumb","itemListElement":[{"@type":"ListItem","position":1,"name":"Portada","item":"https:\/\/gobiernoparroquiallaunion.gob.ec\/azuay\/"},{"@type":"ListItem","position":2,"name":"Colonias Vacacionales 2019"}]},{"@type":"WebSite","@id":"https:\/\/gobiernoparroquiallaunion.gob.ec\/azuay\/#website","url":"https:\/\/gobiernoparroquiallaunion.gob.ec\/azuay\/","name":"GAD parroquial La Uni\u00f3n","description":"Sitio Oficial del GAD Parroquial La Uni\u00f3n Azuay","publisher":{"@id":"https:\/\/gobiernoparroquiallaunion.gob.ec\/azuay\/#organization"},"potentialAction":[{"@type":"SearchAction","target":{"@type":"EntryPoint","urlTemplate":"https:\/\/gobiernoparroquiallaunion.gob.ec\/azuay\/?s={search_term_string}"},"query-input":{"@type":"PropertyValueSpecification","valueRequired":true,"valueName":"search_term_string"}}],"inLanguage":"es"},{"@type":"Organization","@id":"https:\/\/gobiernoparroquiallaunion.gob.ec\/azuay\/#organization","name":"GAD Parroquial La Uni\u00f3n","url":"https:\/\/gobiernoparroquiallaunion.gob.ec\/azuay\/","logo":{"@type":"ImageObject","inLanguage":"es","@id":"https:\/\/gobiernoparroquiallaunion.gob.ec\/azuay\/#\/schema\/logo\/image\/","url":"https:\/\/gobiernoparroquiallaunion.gob.ec\/azuay\/wp-content\/uploads\/2020\/06\/logoFooter-Recuperado.png","contentUrl":"https:\/\/gobiernoparroquiallaunion.gob.ec\/azuay\/wp-content\/uploads\/2020\/06\/logoFooter-Recuperado.png","width":200,"height":150,"caption":"GAD Parroquial La Uni\u00f3n"},"image":{"@id":"https:\/\/gobiernoparroquiallaunion.gob.ec\/azuay\/#\/schema\/logo\/image\/"}}]}},"_links":{"self":[{"href":"https:\/\/gobiernoparroquiallaunion.gob.ec\/azuay\/wp-json\/wp\/v2\/pages\/1180","targetHints":{"allow":["GET"]}}],"collection":[{"href":"https:\/\/gobiernoparroquiallaunion.gob.ec\/azuay\/wp-json\/wp\/v2\/pages"}],"about":[{"href":"https:\/\/gobiernoparroquiallaunion.gob.ec\/azuay\/wp-json\/wp\/v2\/types\/page"}],"author":[{"embeddable":true,"href":"https:\/\/gobiernoparroquiallaunion.gob.ec\/azuay\/wp-json\/wp\/v2\/users\/7"}],"replies":[{"embeddable":true,"href":"https:\/\/gobiernoparroquiallaunion.gob.ec\/azuay\/wp-json\/wp\/v2\/comments?post=1180"}],"version-history":[{"count":1,"href":"https:\/\/gobiernoparroquiallaunion.gob.ec\/azuay\/wp-json\/wp\/v2\/pages\/1180\/revisions"}],"predecessor-version":[{"id":1181,"href":"https:\/\/gobiernoparroquiallaunion.gob.ec\/azuay\/wp-json\/wp\/v2\/pages\/1180\/revisions\/1181"}],"wp:attachment":[{"href":"https:\/\/gobiernoparroquiallaunion.gob.ec\/azuay\/wp-json\/wp\/v2\/media?parent=1180"}],"curies":[{"name":"wp","href":"https:\/\/api.w.org\/{rel}","templated":true}]}}

<p>Mediante la ejecución de este proyecto se impulsa a la juventud al buen aprovechamiento del tiempo libre realizando actividades deportivas y tradicionales, se tiene la participación de un promedio de 120 niños cada día durante 5 días.</p>

<!-- This site is optimized with the Yoast SEO plugin v24.1 - https://yoast.com/wordpress/plugins/seo/ -->
<title>Colonias Vacacionales 2019 - GAD parroquial La Unión</title>
<meta name="robots" content="index, follow, max-snippet:-1, max-image-preview:large, max-video-preview:-1" />
<link rel="canonical" href="https://gobiernoparroquiallaunion.gob.ec/azuay/colonias-vacacionales-2019/" />
<meta property="og:locale" content="es_ES" />
<meta property="og:type" content="article" />
<meta property="og:title" content="Colonias Vacacionales 2019 - GAD parroquial La Unión" />
<meta property="og:description" content="Mediante la ejecución de este proyecto se impulsa a la juventud al buen aprovechamiento del tiempo libre realizando actividades deportivas y tradicionales, se tiene la participación de un promedio de 120 niños cada día durante 5 días." />
<meta property="og:url" content="https://gobiernoparroquiallaunion.gob.ec/azuay/colonias-vacacionales-2019/" />
<meta property="og:site_name" content="GAD parroquial La Unión" />
<meta name="twitter:card" content="summary_large_image" />
<script type="application/ld+json" class="yoast-schema-graph">{"@context":"https://schema.org","@graph":[{"@type":"WebPage","@id":"https://gobiernoparroquiallaunion.gob.ec/azuay/colonias-vacacionales-2019/","url":"https://gobiernoparroquiallaunion.gob.ec/azuay/colonias-vacacionales-2019/","name":"Colonias Vacacionales 2019 - GAD parroquial La Unión","isPartOf":{"@id":"https://gobiernoparroquiallaunion.gob.ec/azuay/#website"},"datePublished":"2020-10-29T16:54:10+00:00","dateModified":"2020-10-29T16:54:10+00:00","breadcrumb":{"@id":"https://gobiernoparroquiallaunion.gob.ec/azuay/colonias-vacacionales-2019/#breadcrumb"},"inLanguage":"es","potentialAction":[{"@type":"ReadAction","target":["https://gobiernoparroquiallaunion.gob.ec/azuay/colonias-vacacionales-2019/"]}]},{"@type":"BreadcrumbList","@id":"https://gobiernoparroquiallaunion.gob.ec/azuay/colonias-vacacionales-2019/#breadcrumb","itemListElement":[{"@type":"ListItem","position":1,"name":"Portada","item":"https://gobiernoparroquiallaunion.gob.ec/azuay/"},{"@type":"ListItem","position":2,"name":"Colonias Vacacionales 2019"}]},{"@type":"WebSite","@id":"https://gobiernoparroquiallaunion.gob.ec/azuay/#website","url":"https://gobiernoparroquiallaunion.gob.ec/azuay/","name":"GAD parroquial La Unión","description":"Sitio Oficial del GAD Parroquial La Unión Azuay","publisher":{"@id":"https://gobiernoparroquiallaunion.gob.ec/azuay/#organization"},"potentialAction":[{"@type":"SearchAction","target":{"@type":"EntryPoint","urlTemplate":"https://gobiernoparroquiallaunion.gob.ec/azuay/?s={search_term_string}"},"query-input":{"@type":"PropertyValueSpecification","valueRequired":true,"valueName":"search_term_string"}}],"inLanguage":"es"},{"@type":"Organization","@id":"https://gobiernoparroquiallaunion.gob.ec/azuay/#organization","name":"GAD Parroquial La Unión","url":"https://gobiernoparroquiallaunion.gob.ec/azuay/","logo":{"@type":"ImageObject","inLanguage":"es","@id":"https://gobiernoparroquiallaunion.gob.ec/azuay/#/schema/logo/image/","url":"https://gobiernoparroquiallaunion.gob.ec/azuay/wp-content/uploads/2020/06/logoFooter-Recuperado.png","contentUrl":"https://gobiernoparroquiallaunion.gob.ec/azuay/wp-content/uploads/2020/06/logoFooter-Recuperado.png","width":200,"height":150,"caption":"GAD Parroquial La Unión"},"image":{"@id":"https://gobiernoparroquiallaunion.gob.ec/azuay/#/schema/logo/image/"}}]}</script>
<!-- / Yoast SEO plugin. -->

Colonias Vacacionales 2019 - GAD parroquial La Unión

Mediante la ejecución de este proyecto se impulsa a la juventud al buen aprovechamiento del tiempo libre realizando actividades deportivas y tradicionales, se tiene la participación de un promedio de 120 niños cada día durante 5 días.

GAD parroquial La Unión

Sitio Oficial del GAD Parroquial La Unión Azuay

GAD Parroquial La Unión
